 and 1076132.
116
Calculate the greatest common divisor of 9723780 and 585.
45
Calculate the greatest common divisor of 6843536 and 12528.
464
Calculate the greatest common divisor of 3376 and 2622976.
16
What is the highest common divisor of 1200 and 47828240?
80
Calculate the greatest common divisor of 105 and 5076085.
35
Calculate the greatest common factor of 33646574 and 26.
26
What is the greatest common factor of 13135 and 4592990?
355
What is the highest common factor of 132 and 12022260?
12
Calculate the greatest common divisor of 23800 and 549440.
680
What is the greatest common divisor of 352764 and 176956?
164
What is the greatest common divisor of 426 and 4098404?
142
What is the greatest common divisor of 216 and 1980632?
8
Calculate the highest common divisor of 1709 and 87586250.
1709
Calculate the greatest common factor of 78869 and 15295.
133
What is the greatest common divisor of 714549 and 2233209?
1947
What is the greatest common factor of 29317952 and 1066?
82
What is the greatest common factor of 772786 and 171136?
2674
What is the greatest common divisor of 216702136 and 168?
56
What is the highest common divisor of 1407590225 and 9775?
9775
Calculate the highest common factor of 563406 and 2058.
6
What is the greatest common factor of 21 and 11775911?
7
What is the highest common divisor of 224 and 9514752?
32
Calculate the highest common factor of 1735275 and 30600.
1275
Calculate the greatest common factor of 322858444 and 412.
412
Calculate the greatest common divisor of 19783491 and 273.
273
What is the highest common factor of 4636075 and 410?
205
What is the highest common factor of 113714328 and 468?
156
Calculate the greatest common divisor of 4240 and 17308740.
1060
Calculate the highest common divisor of 16003 and 27216179.
1231
What is the greatest common divisor of 92 and 49116776?
92
What is the highest common factor of 576365050 and 115?
115
Calculate the greatest common divisor of 241444926 and 93.
93
What is the highest common factor of 4154307 and 14076?
51
Calculate the highest common factor of 173349046 and 338.
338
Calculate the greatest common divisor of 29833264 and 26658.
2962
What is the highest common divisor of 44792977 and 8732?
2183
Calculate the highest common factor of 14498344 and 7.
7
Calculate the greatest common divisor of 34 and 887230.
34
What is the highest common divisor of 11233135 and 712?
89
What is the greatest common divisor of 1486 and 2888?
2
Calculate the highest common factor of 5498523 and 5913.
81
Calculate the highest common factor of 113811114 and 565.
113
What is the greatest common divisor of 177217852 and 644?
644
Calculate the greatest common divisor of 382246293 and 231.
33
What is the greatest common factor of 198 and 33258456?
198
What is the greatest common factor of 6 and 2054894?
2
Calculate the highest common divisor of 3158991 and 44.
11
What is the greatest common factor of 1360 and 7081840?
80
What is the highest common divisor of 236922 and 13461?
21
Calculate the greatest common factor of 19257 and 5250.
21
What is the highest common factor of 131514984 and 59813?
4601
What is the greatest common divisor of 67 and 39970391?
67
What is the greatest common divisor of 9 and 27885384?
9
Calculate the greatest common factor of 22082916 and 14295.
2859
Calculate the greatest common factor of 83200 and 59711600.
5200
What is the greatest common factor of 76678762 and 2781?
103
Calculate the highest common divisor of 3991726 and 134.
134
Calculate the highest common divisor of 20274 and 36456.
186
What is the greatest common divisor of 1628337996 and 1486?
1486
Calculate the highest common factor of 12026430 and 40.
10
What is the highest common factor of 1292 and 564623?
19
Calculate the greatest common divisor of 588533279 and 29.
29
Calculate the greatest common divisor of 2760 and 75112.
8
Calculate the highest common divisor of 4 and 284430660.
4
What is the highest common factor of 13 and 2350750519?
13
Calculate the highest common factor of 44187369 and 4743.
1581
Calculate the highest common factor of 57 and 5454083.
19
What is the highest common factor of 36 and 1308708?
36
Calculate the highest common factor of 261699 and 3237.
249
Calculate the greatest common factor of 15 and 7302085.
5
Calculate the greatest common factor of 546 and 5707338.
546
Calculate the greatest common divisor of 130691819 and 46.
23
Calculate the highest common factor of 3666 and 7453846842.
3666
Calculate the highest common divisor of 147 and 29459885.
7
Calculate the highest common factor of 153985 and 353928600.
11845
What is the greatest common divisor of 2328 and 4299234?
582
Calculate the highest common factor of 495768 and 5997264.
2184
Calculate the greatest common factor of 118277406 and 702.
234
Calculate the highest common divisor of 212520 and 20447.
161
Calculate the greatest common factor of 1986115 and 5.
5
What is the greatest common divisor of 1936 and 1302684064?
1936
What is the greatest common divisor of 620897 and 2768?
173
What is the greatest common factor of 73560618 and 26698?
3814
Calculate the highest common divisor of 2700 and 11683764.
108
What is the greatest common factor of 25242638 and 138?
46
Calculate the greatest common divisor of 440351 and 714.
17
Calculate the highest common divisor of 52 and 5454272.
4
What is the greatest common factor of 142176 and 1191?
3
What is the highest common divisor of 596 and 28750593?
149
What is the greatest common factor of 11560 and 78793640?
680
Calculate the highest common factor of 29533749 and 26805.
5361
Calculate the greatest common factor of 9 and 98497899.
9
What is the greatest common factor of 513605 and 494391?
739
What is the highest common divisor of 1143324 and 30156?
84
What is the greatest common divisor of 8574643 and 4389?
1463
Calculate the highest common divisor of 198 and 38356065.
99
What is the greatest common factor of 63896 and 210989156?
4564
What is the highest common factor of 5719285 and 30305?
1045
What is the highest common factor of 234081693 and 18?
9
What is the highest common factor of 38316 and 311560168?
12772
What is the highest common divisor of 99860 and 1940?
20
Calculate the greatest common divisor of 443 and 46208887.
443
What is the highest common factor of 8308 and 204653041?
2077
Calculate the greatest common factor of 41426 and 323246.
154
Calculate the greatest common divisor of 22774914 and 18.
18
Calculate the greatest common divisor of 243 and 30944268.
81
What is the highest common factor of 99428 and 56?
28
Calculate the greatest common divisor of 52650 and 488150.
650
Calculate the greatest common divisor of 43370509 and 91.
91
Calculate the highest common factor of 4730150 and 625.
25
Calculate the highest common divisor of 455301 and 5469849.
6237
What is the greatest common factor of 4430 and 318043876?
886
Calculate the highest common divisor of 5768 and 159547.
103
What is the greatest common divisor of 293440 and 544?
32
Calculate the greatest common factor of 82197740 and 31.
31
What is the greatest common factor of 578 and 1392878?
34
Calculate the highest common factor of 365999991 and 3171.
3171
Calculate the highest common divisor of 1143 and 253330710.
381
Calculate the greatest common divisor of 284 and 8844683.
71
What is the greatest common divisor of 3240 and 842760?
360
Calculate the greatest common factor of 1247122 and 768142.
1774
Calculate the highest common divisor of 110514 and 445446.
678
Calculate the greatest common factor of 578490 and 75.
15
Calculate the highest common divisor of 12063225 and 615.
615
Calculate the greatest common factor of 57104 and 2656664.
664
Calculate the greatest common factor of 52681 and 2886843.
379
Calculate the greatest common factor of 95708 and 2647164.
284
What is the greatest common factor of 22305649 and 5057?
389
What is the greatest common divisor of 35282 and 67695302?
2714
What is the greatest common factor of 8340 and 207780?
60
What is the greatest common factor of 2 and 669169?
1
Calculate the greatest common factor of 984 and 1076928.
24
What is the greatest common divisor of 11985 and 1867875?
255
Calculate the highest common factor of 516043 and 113434.
43
Calculate the great